culate the greatest common divisor of 6749294 and 9823.
893
Calculate the greatest common divisor of 3963 and 120598053.
3963
What is the highest common factor of 8 and 114544636?
4
What is the greatest common factor of 1412608 and 122368?
512
Calculate the greatest common factor of 396 and 33292260.
36
Calculate the greatest common divisor of 9179841 and 231.
33
Calculate the greatest common divisor of 245454 and 264.
66
What is the highest common divisor of 47921 and 7528960?
173
What is the greatest common factor of 12629468 and 2?
2
What is the highest common divisor of 8060 and 2671760?
260
What is the highest common divisor of 15310880 and 21710?
130
Calculate the greatest common factor of 668645160 and 480.
120
Calculate the highest common divisor of 2340 and 12065690.
130
Calculate the greatest common factor of 324 and 17314074.
162
Calculate the greatest common factor of 6346282 and 998.
998
Calculate the highest common divisor of 4372054 and 620.
62
What is the highest common divisor of 50573 and 63963?
103
Calculate the highest common factor of 43214395 and 15575.
3115
What is the greatest common divisor of 781974 and 61142?
3218
What is the highest common divisor of 91 and 210381470?
13
What is the greatest common divisor of 2994655 and 10?
5
Calculate the highest common divisor of 37809559 and 710.
71
Calculate the highest common divisor of 1874 and 59771230.
1874
Calculate the highest common factor of 54395378 and 3106.
3106
What is the highest common divisor of 6835640 and 1120?
280
Calculate the greatest common factor of 808754 and 342.
38
Calculate the highest common factor of 32 and 231276.
4
Calculate the highest common factor of 808706864 and 7728.
2576
What is the greatest common factor of 321210 and 5709570?
2490
Calculate the greatest common divisor of 273192 and 9984.
24
Calculate the greatest common divisor of 32060 and 18219698.
3206
What is the greatest common divisor of 36105 and 2074502?
83
Calculate the highest common factor of 117949232 and 16.
16
What is the greatest common divisor of 6273 and 1616853?
51
What is the highest common factor of 26467596 and 144?
36
Calculate the greatest common divisor of 19076034 and 6.
6
Calculate the greatest common factor of 30 and 6016035.
15
What is the greatest common factor of 31768 and 114664?
88
Calculate the highest common factor of 68060 and 543484.
332
Calculate the greatest common divisor of 691155 and 46980.
45
What is the highest common factor of 6540 and 35330715?
1635
What is the greatest common factor of 48320 and 377680?
80
What is the greatest common factor of 5083839 and 9?
9
Calculate the highest common divisor of 37141 and 1053.
13
What is the highest common divisor of 4262867 and 280749?
3227
Calculate the highest common factor of 6512 and 338910121.
407
Calculate the highest common divisor of 11242 and 14376362.
154
Calculate the highest common divisor of 10502 and 1585786247.
5251
Calculate the highest common divisor of 524 and 258299774.
262
What is the greatest common factor of 283388 and 277907?
203
What is the highest common divisor of 10301 and 17?
1
Calculate the greatest common factor of 2625969635 and 2165.
2165
Calculate the highest common divisor of 3277196 and 2470.
494
Calculate the highest common factor of 3348 and 60777.
27
What is the greatest common divisor of 104030069 and 132?
11
Calculate the greatest common divisor of 17 and 60122761.
17
Calculate the greatest common factor of 14482 and 8028598.
1114
What is the highest common factor of 1661842 and 42770?
182
What is the highest common divisor of 102307842 and 273?
273
What is the greatest common factor of 487487835 and 311?
311
Calculate the greatest common divisor of 1105 and 12224628.
13
Calculate the greatest common divisor of 6284 and 7.
1
What is the greatest common factor of 1941247 and 1309?
1309
Calculate the highest common divisor of 449 and 374884917.
449
What is the highest common factor of 9282 and 470964?
78
Calculate the greatest common factor of 76085 and 19940.
5
What is the greatest common factor of 1695424 and 154816?
3776
What is the greatest common divisor of 12828 and 426?
6
What is the greatest common factor of 21 and 110345739?
21
Calculate the highest common divisor of 353787 and 1701.
21
What is the greatest common factor of 1419542 and 29600?
74
Calculate the highest common factor of 39370 and 1716563.
31
Calculate the greatest common divisor of 1125 and 111408525.
225
What is the greatest common factor of 542 and 1549633284?
542
Calculate the greatest common factor of 1105251 and 35.
7
What is the greatest common factor of 70 and 6045242?
14
What is the greatest common factor of 4028 and 65558132?
76
What is the highest common divisor of 7962 and 6702?
6
Calculate the greatest common factor of 1306238 and 212.
106
Calculate the highest common divisor of 47388858 and 23793.
3399
What is the highest common factor of 20 and 288068?
4
Calculate the greatest common factor of 48 and 22895228.
4
Calculate the greatest common factor of 570700 and 2012400.
1300
Calculate the greatest common divisor of 34011 and 566271813.
11337
Calculate the highest common factor of 14632403 and 11912.
1489
Calculate the highest common divisor of 288 and 32888736.
288
What is the highest common factor of 4782 and 55968?
6
Calculate the greatest common divisor of 16868100 and 20013.
2859
Calculate the highest common factor of 59240 and 15080.
40
What is the greatest common divisor of 142672 and 44068296?
1928
What is the highest common factor of 406 and 3984542?
58
What is the highest common divisor of 775308 and 44?
4
What is the highest common divisor of 24190 and 2393990?
410
Calculate the greatest common factor of 188 and 564794206.
94
What is the greatest common factor of 3193 and 1365767?
31
Calculate the highest common factor of 178 and 25943678.
178
What is the highest common factor of 56 and 4474452?
4
Calculate the highest common divisor of 739 and 247797785.
739
Calculate the greatest common divisor of 28 and 57357944.
28
What is the greatest common factor of 33522 and 70818?
222
Calculate the greatest common factor of 12786640 and 64.
16
Calculate the highest common divisor of 1435891 and 226.
113
What is the highest common divisor of 439242800 and 16?
16
Calculate the highest common factor of 18 and 77086953.
9
What is the highest common factor of 673021 and 6668191?
2297
Calculate the greatest common divisor of 200229 and 64002231.
6459
What is the highest common divisor of 55214589 and 361?
361
What is the greatest common factor of 34486005 and 45?
15
What is the highest common divisor of 49917832 and 28?
4
What is the greatest common factor of 1961 and 383932?
53
What is the greatest common divisor of 30 and 1433175480?
30
Calculate the greatest common factor of 174236 and 11868.
172
What is the highest common divisor of 550403 and 61?
61
What is the greatest common factor of 88 and 725078882?
22
What is the highest common divisor of 6834 and 4706348?
2278
Calculate the highest common divisor of 5414551 and 17.
17
What is the highest common divisor of 4 and 11609404?
4
What is the greatest common factor of 5565495 and 55185?
195
What is the highest common divisor of 7 and 15906716?
7
Calculate the highest common divisor of 33000 and 2800950.
150
Calculate the highest common factor of 2022 and 43482.
6
Calculate the greatest common factor of 803106 and 18.
18
What is the greatest common divisor of 494737380 and 90?
90
What is the highest common factor of 10660 and 2539420?
260
Calculate the highest common factor of 88496817 and 94.
47
What is the highest common divisor of 193277556 and 621?
621
Calculate the greatest common factor of 851 and 13413166.
37
What is the greatest common divisor of 1427475 and 1785?
105
What is the greatest common divisor of 57196383 and 4434?
2217
Calculate the highest common factor of 126 and 18492327.
63
What is the greatest common divisor of 198 and 124337554?
22
Calculate the greatest common factor of 35 and 2718430.
5
What is the highest common factor of 4 and 22118951?
1
What is the highest common factor of 1273918 and 602?
86
What is the greatest common divisor of 160 and 14281860?
20
Calculate the highest common factor of 46455 